ird derivative of t**6/120 - t**5/15 + t**4/24 + t**2. Suppose -5*p = 5*j - 45, -p - 29 = -2*p - 5*j. What is o(p)?
4
Let t(x) = -2*x - 2. Let l(m) = -1. Let n be (-21)/15 - 6/(-15). Let a(q) = n*t(q) + 2*l(q). Let w = -4 + 1. Calculate a(w).
-6
Let q(r) = r**3 + 4*r**2 - 3*r + 7. Let y be q(-5). Let n(u) = u**3 + 3*u**2 - 2*u. Let i be n(y). Let m(l) = -l - 8. Determine m(i).
-14
Let d = 19 - 15. Let l(j) = -3*j + 8. Let m(r) = -1. Let u(o) = l(o) - 3*m(o). Let z(w) = 3*w - 12. Let f(i) = 6*u(i) + 5*z(i). Give f(d).
-6
Let c be (1/2)/(2/32). Let t(x) = 2*x - c*x + 0*x + 2*x. Calculate t(-1).
4
Let f(g) = -g. Let h be 316/36 - (-2)/9. Suppose v + h = 4*v. Suppose 4*u - 14 = -v*r, -2*u - r = -3*r. What is f(u)?
-2
Let w(j) = -8*j - 1 + j**2 - 4 - 1 + j. Determine w(8).
2
Let w(k) = 3*k. Let o(b) = -6*b + 1. Let i(u) = 2*o(u) + 5*w(u). Let j(n) = -n**3 + 7*n**2 + 10*n - 10. Let q be j(8). Let y be 8/q*6/(-4). What is i(y)?
-4
Suppose 27 - 2 = 3*x - 2*l, -l = 3*x - 10. Suppose x*y + 24 = -3*g, -9 = -2*g - 3*y + 8*y. Let w(o) = o**3 + 2*o**2 - 3*o - 2. Calculate w(g).
-2
Suppose 2*h = 10, -h + 14 = 5*y - 2*y. Let x(c) be the second derivative of -c + 0 - c**y - 1/2*c**2. Calculate x(-1).
5
Let l be (6/9)/(6/45). Let z(u) = -u**2 + 5*u - 7. Calculate z(l).
-7
Let z(f) = 6 - 3*f + 6*f**2 - f**3 + 3*f - 14 - 2*f. Determine z(6).
-20
Let v(k) = -k**2 + 3*k - 1. Let r(l) be the third derivative of l**4/12 + l**3/6 + 2*l**2. Let u be r(1). Let f = u + 2. Determine v(f).
-11
Let v(h) be the third derivative of -h**6/120 + h**5/10 - h**4/4 + h**3/6 - 2*h**2. Suppose 2*f + f - 15 = 0. Give v(f).
-4
Suppose 0*s - 3 = p + 4*s, -4*p + 6 = -2*s. Let m(a) = -3 - 11*a + a**2 + 12 + p. Let o be m(10). Let j(u) = u**2 - u + 5. What is j(o)?
5
Suppose 0 = d + 2*b - 14, -3*d - 3*b + 40 = 2*b. Suppose d = 2*i - 0*i. Let r(v) = v + 3 - 4*v + 0*v - i. Calculate r(-4).
10
Suppose 0 = 5*f + 40 - 70. Let i(r) = -r**2 + 6*r + 6. Calculate i(f).
6
Let t = 36 + -25. Suppose 0 = 2*v + 2*m + 4, 0*m + 34 = -5*v + m. Let f = v + t. Let y(a) = a - 4. Determine y(f).
1
Let i(s) = -3*s**2 - 6*s. Let w(h) = -13*h**2 - 25*h + 1. Let d(n) = 9*i(n) - 2*w(n). Let c be 23/(-5) + 9/15. Calculate d(c).
-2
Let w be 2 + 4*-2 + 1. Let f(i) = i**3 + 5*i**2 + i + 7. Give f(w).
2
Suppose -3*n + 0 = -3. Let t(d) = -8*d**3 + d. What is t(n)?
-7
Let b(m) = -7*m**2 + 3*m**3 + 5*m**2 - 4*m**3 + 3*m + 2. Let x(t) = t**2 + 3*t + 1. Let p be x(-3). Suppose -16 + p = 5*q. What is b(q)?
2
Let x(i) = 4*i**3 - i**2 + i - 1. Let t(v) = -3*v**3 + 2*v**2. Let z = -10 - -14. Let w(h) = z*x(h) + 5*t(h). Determine w(-4).
12
Let m(u) = -3*u + 3. Let z(x) = -x**2 - x + 18. Let a be z(0). Suppose 4*g = -6 + a. Calculate m(g).
-6
Let f(k) = -k**2 + 1. Suppose -2*q - 6 = 0, -3*r - 4*q - 12 = 2*r. Let u be f(r). Suppose 4*o = -u + 17. Let g(c) = c - 5. Determine g(o).
-1
Let s(u) be the second derivative of -u**4/24 - u**3/3 + u**2 + u. Let y(o) be the first derivative of s(o). Let h be (-32)/6 - 1/(-2 + -1). What is y(h)?
3
Let l(k) = k**3 + k - 2. Let p(i) be the third derivative of 1/20*i**5 + 1/2*i**3 + 0*i + 1/24*i**4 + 1/120*i**6 - 2*i**2 + 0. Let o be p(-3). What is l(o)?
-2
Let v(t) = 6*t + 49. Let h be v(-8). Let i(u) = -7*u**3 - 2*u**2 + u. Give i(h).
-8
Let f(j) be the first derivative of -j**3/6 + 3*j**2/2 + 2*j + 4. Let t(o) be the first derivative of f(o). Give t(-4).
7
Let g(f) be the first derivative of f**3/3 + f + 8. Calculate g(0).
1
Let u(d) = 3*d - d - 1 + d**3 - 2 - 3*d**2. Calculate u(3).
3
Let f(b) = b**3 + 5*b**2 + 2*b - 2. Let q be -1 + 9/3 + (1 - -2). Let n = 15 + -8. Suppose -n - q = 3*t. Calculate f(t).
6
Let l(c) = c**3 - 2*c**2 + c + 1. Let j(h) = 3*h**3 + h**2 + 3*h - 3. Let i(s) = -j(s) + 2*l(s). Calculate i(-4).
-7
Let s(r) = 8*r**3 + r**2 - r + 4. Let k(h) = 25*h**3 + 3*h**2 - 2*h + 11. Let y(b) = 3*k(b) - 8*s(b). What is y(-1)?
-11
Let c(u) = -u - 7. Let v = -16 - -12. Determine c(v).
-3
Suppose 5*b - 10 = 5. Let w(a) = -2*a - 3. Calculate w(b).
-9
Let o = 3 - 5. Let l(b) = -4*b - 5. Let u(g) = -1. Let s(v) = -l(v) + 2*u(v). Give s(o).
-5
Let l(z) = 7*z - 1. Let d(j) = -8*j + 1. Let o(p) = 5*d(p) + 6*l(p). Give o(2).
3
Let v(j) = 3 - 3*j**2 - 3*j**2 - j + 9*j**2 - 2*j**2. Let b be v(0). Let h be 5/b + 4/(-6). Let z(q) = 10*q**3 - q**2 + q. What is z(h)?
10
Suppose 2*c - 6 + 16 = 0. Let z(t) be the second derivative of -t**3/6 - 2*t**2 + t. Calculate z(c).
1
Let z(k) = 4*k**2 - 20 + 16 - 4*k**3 + 2*k + 3*k**3. What is z(4)?
4
Let o(h) = -h**2 + h - 2. Let t(w) = 2 - 18*w - w**3 + 18*w**2 + 4 + 13. Let p be t(17). Calculate o(p).
-4
Let m(v) be the second derivative of -v**4/12 - 5*v**3/6 - 5*v**2/2 + 2*v. Calculate m(-6).
-11
Let d(l) = 7*l - 19*l + 10*l. Let y(q) = q. Suppose 0 = 2*n - 2*t, -4*n - 6 = 3*t + 29. Let j(h) = n*y(h) - 2*d(h). Calculate j(3).
-3
Suppose 22*s = 13*s + 18. Let t(r) = -5*r**2 + 3*r. What is t(s)?
-14
Let h be (-3 - -2) + (1 - -1). Let v be h - (2 + (-3)/1). Let f(k) = -2*k**2 - 2*k - 1 + 4*k**v + 3*k**2. Calculate f(-1).
6
Let d(n) be the first derivative of 7/2*n**2 + 1/3*n**3 - 3 + 7*n. Give d(-6).
1
Let y(k) be the first derivative of -k**4/4 - k**3/3 - k**2/2 + 6*k - 1. Suppose 25*c - 9*c = 0. What is y(c)?
6
Let q(s) = 0*s**2 - 1 + 10*s - 8*s + s**2. Calculate q(-2).
-1
Suppose 3*y + 34 = -83. Let w be y/(-18) - (-3)/(-18). Let o(m) = 6 + 4*m - w*m + m. Calculate o(-5).
-9
Let x(s) = -5 - 2 + 3 - s + 5. Let l(y) = -y + 1. Let o(u) = 3*l(u) - 2*x(u). Determine o(4).
-3
Let s(j) = -2*j**2 + j. Let r(m) = -6*m**2 + 2*m. Let l(g) = 6*r(g) - 17*s(g). Suppose -28 - 28 = 14*c. What is l(c)?
-12
Suppose 12 = -u - 4*x, 5*u + 19 = -4*x - 9. Let v(c) = c**2 + 4*c - 3. Give v(u).
-3
Let r(q) = -q**2 - 10*q - 4. Let i be r(-9). Let a(c) = -c**2 + 5*c - 5. Determine a(i).
-5
Let n(b) = b**2 - 3*b + 4. Let o(y) be the second derivative of y**4/12 - 5*y**3/3 + 6*y**2 + 3*y. Let q be o(9). Determine n(q).
4
Suppose -3*i - 4 = l - 5, -5 = -i - 5*l. Suppose i = -5*q + 10 + 15. Let d(s) = -s - 1. What is d(q)?
-6
Let t(z) = z + 1. Let r(g) = -g**2 - 5*g + 3. Suppose -3*x + 3*p = 3, 6 = -2*x - p + 13. Suppose -x*q = -0*q + 5*j - 3, 2*j = 6. Let a be r(q). Determine t(a).
-2
Suppose -w + 4*j = -6*w + 48, -51 = -5*w - 3*j. Let g = -1 + 3. Suppose -g*c + 5*c = -w. Let h(n) = n + 3. Give h(c).
-1
Suppose -4*k + 4*w - 4 = 0, 0 = 3*k + k + 2*w - 14. Let u(z) = -2 + 0 - z**3 + 4*z**k + 4 - 3 - 2*z. Give u(3).
2
Let f(u) = u**3 + 4*u**2 + 7*u + 9. Let y(x) = -2*x**3 - 7*x**2 - 14*x - 19. Let m(o) = 9*f(o) + 4*y(o). Determine m(-7).
5
Let x(t) = -4*t**2 - t**2 + 7*t**2 - t**3. Suppose 2*c = -2*j - 0 - 4, 5*j + 3*c = -2. What is x(j)?
0
Let w(k) be the second derivative of -k**8/6720 + k**7/840 + k**6/360 + k**5/120 - k**4/3 - k. Let z(x) be the third derivative of w(x). Give z(3).
7
Let y(i) be the second derivative of -3*i**4/4 - 7*i**3/6 - i**2 + 2*i. Let u(a) = -2 + 3 + 9*a**2 - 4*a**2 + 3*a. Let l(w) = 7*u(w) + 4*y(w). Determine l(-5).
9
Let p(b) = b + 11. Let z be p(-7). Let y(l) = z*l - 2 - 5*l + 6 - 1. Determine y(0).
3
Let m(x) be the first derivative of x**3/3 + 2*x + 4. Calculate m(-2).
6
Let g(u) = 2 + u**3 - 4*u + 0 - 3*u**2 - 4. Calculate g(4).
-2
Let w(j) = -j**2 + 2. Suppose 20 = 5*c, -3*z - 5*c = -z - 20. Calculate w(z).
2
Let h be (1*8)/(3 + -1). Let d = -2 + h. Let x(a) = 3*a**d - 2 + 4*a - 2 + 2*a - 4*a**2. Give x(4).
4
Let x(i) = -6*i**3 - 11*i**2 - 6*i + 21. Let c(w) = w**3 + 2*w**2 + w - 4. Let j(n) = -11*c(n) - 2*x(n). Suppose q = 5*q - 24. Suppose q*z = z. What is j(z)?
2
Let k(l) = l**3 - l**2 + l - 2. Let m be k(0). Let g be m/6*1*-18. Let r = -2 + g. Let y(w) = -w**3 + 5*w**2 - 4*w + 2. Give y(r).
2
Let h(w) = w - 2. Let u(j) = j**3 - 8*j**2 + 7*j + 1. Let a be u(7). Suppose 4*y - a = 43. Let i(f) = -6*f + 10. Let k(s) = y*h(s) + 2*i(s). Calculate k(3).
-5
Let c(b) = b**2 + 6*b + 2. Let d(j) = j**2 + 14*j + 9. Let g(w) = -14*w**2 + 1. Let t be g(1). Let m be d(t). What is c(m)?
-6
Suppose -3*g + 0 = -9. Let t(m) = -g*m + 6 + 0 + 2*m. Determine t(6).
0
Let g(k) = -k**3 + 3*k**2 - 2*k + 2. Let t be g(2). Let r(i) = 6*i**t + 6*i + 5 - 3*i + 4*i**3 + 2*i - 3*i**3. Give r(-5).
5
Let h(c) = c**2 - c - 7. Suppose 12*a = 6*a. Calculate h(a).
-7
Let b(t) = t**